{"id":768,"date":"2014-03-08T15:50:23","date_gmt":"2014-03-08T15:50:23","guid":{"rendered":"http:\/\/www.gomig-metall.at\/?page_id=768"},"modified":"2017-04-23T16:20:47","modified_gmt":"2017-04-23T16:20:47","slug":"biegetechnik-2","status":"publish","type":"page","link":"http:\/\/www.gomig-metall.at\/?page_id=768","title":{"rendered":"BIEGETECHNIK"},"content":{"rendered":"<table cellspacing=\"0\">\n<tbody id=\"the-list\">\n<tr id=\"gallery-7\">\n<th scope=\"row\"><!-- index.php -->\n<div\n\tclass=\"ngg-galleryoverview ngg-ajax-pagination-none\"\n\tid=\"ngg-gallery-bdae9346d4d060dee44933cc9e4774c7-1\">\n\n    \t<div class=\"slideshowlink\">\n        <a href='http:\/\/www.gomig-metall.at\/index.php\/nggallery\/slideshow?page_id=768'>Als Diaschau anzeigen<\/a>\n\t\t\n\t<\/div>\n\t\t\t<!-- Thumbnails -->\n\t\t\t\t<div id=\"ngg-image-0\" class=\"ngg-gallery-thumbnail-box\" >\n\t\t\t\t        <div class=\"ngg-gallery-thumbnail\">\n            <a href=\"http:\/\/www.gomig-metall.at\/wp-content\/gallery\/biegetechnik-2014_1\/geleander-gewendelt038.jpg\"\n               title=\"\"\n               data-src=\"http:\/\/www.gomig-metall.at\/wp-content\/gallery\/biegetechnik-2014_1\/geleander-gewendelt038.jpg\"\n               data-thumbnail=\"http:\/\/www.gomig-metall.at\/wp-content\/gallery\/biegetechnik-2014_1\/thumbs\/thumbs_geleander-gewendelt038.jpg\"\n               data-image-id=\"150\"\n               data-title=\"gewendeltes Treppengel\u00e4nder\"\n               data-description=\"\"\n               data-image-slug=\"gewendeltes-treppengelander\"\n               class=\"ngg-fancybox\" rel=\"bdae9346d4d060dee44933cc9e4774c7\">\n                <img\n                    title=\"gewendeltes Treppengel\u00e4nder\"\n                    alt=\"gewendeltes Treppengel\u00e4nder\"\n                    src=\"http:\/\/www.gomig-metall.at\/wp-content\/gallery\/biegetechnik-2014_1\/thumbs\/thumbs_geleander-gewendelt038.jpg\"\n                    width=\"100\"\n                    height=\"75\"\n                    style=\"max-width:100%;\"\n                \/>\n            <\/a>\n        <\/div>\n\t\t\t\t\t\t\t<\/div> \n\t\t\t\n        \n\t\t\t\t<div id=\"ngg-image-1\" class=\"ngg-gallery-thumbnail-box\" >\n\t\t\t\t        <div class=\"ngg-gallery-thumbnail\">\n            <a href=\"http:\/\/www.gomig-metall.at\/wp-content\/gallery\/biegetechnik-2014_1\/geleander-gewendelt025.jpg\"\n               title=\"auf Wunsch realisieren wir Gel\u00e4nder von der Planung bis zur Montage\"\n               data-src=\"http:\/\/www.gomig-metall.at\/wp-content\/gallery\/biegetechnik-2014_1\/geleander-gewendelt025.jpg\"\n               data-thumbnail=\"http:\/\/www.gomig-metall.at\/wp-content\/gallery\/biegetechnik-2014_1\/thumbs\/thumbs_geleander-gewendelt025.jpg\"\n               data-image-id=\"149\"\n               data-title=\"3D Biegeservice\"\n               data-description=\"auf Wunsch realisieren wir Gel\u00e4nder von der Planung bis zur Montage\"\n               data-image-slug=\"3d-biegeservice\"\n               class=\"ngg-fancybox\" rel=\"bdae9346d4d060dee44933cc9e4774c7\">\n                <img\n                    title=\"3D Biegeservice\"\n                    alt=\"3D Biegeservice\"\n                    src=\"http:\/\/www.gomig-metall.at\/wp-content\/gallery\/biegetechnik-2014_1\/thumbs\/thumbs_geleander-gewendelt025.jpg\"\n                    width=\"100\"\n                    height=\"75\"\n                    style=\"max-width:100%;\"\n                \/>\n            <\/a>\n        <\/div>\n\t\t\t\t\t\t\t<\/div> \n\t\t\t\n        \n\t\t\t\t<div id=\"ngg-image-2\" class=\"ngg-gallery-thumbnail-box\" >\n\t\t\t\t        <div class=\"ngg-gallery-thumbnail\">\n            <a href=\"http:\/\/www.gomig-metall.at\/wp-content\/gallery\/biegetechnik-2014_1\/img_9577.jpg\"\n               title=\"Dornbiegemaschine\"\n               data-src=\"http:\/\/www.gomig-metall.at\/wp-content\/gallery\/biegetechnik-2014_1\/img_9577.jpg\"\n               data-thumbnail=\"http:\/\/www.gomig-metall.at\/wp-content\/gallery\/biegetechnik-2014_1\/thumbs\/thumbs_img_9577.jpg\"\n               data-image-id=\"112\"\n               data-title=\"Dornbiegeverfahren f\u00fcr kleine Radien\"\n               data-description=\"Dornbiegemaschine\"\n               data-image-slug=\"dornbiegeverfahren-fur-kleine-radien\"\n               class=\"ngg-fancybox\" rel=\"bdae9346d4d060dee44933cc9e4774c7\">\n                <img\n                    title=\"Dornbiegeverfahren f\u00fcr kleine Radien\"\n                    alt=\"Dornbiegeverfahren f\u00fcr kleine Radien\"\n                    src=\"http:\/\/www.gomig-metall.at\/wp-content\/gallery\/biegetechnik-2014_1\/thumbs\/thumbs_img_9577.jpg\"\n                    width=\"100\"\n                    height=\"75\"\n                    style=\"max-width:100%;\"\n                \/>\n            <\/a>\n        <\/div>\n\t\t\t\t\t\t\t<\/div> \n\t\t\t\n        \n\t\t\t\t<div id=\"ngg-image-3\" class=\"ngg-gallery-thumbnail-box\" >\n\t\t\t\t        <div class=\"ngg-gallery-thumbnail\">\n            <a href=\"http:\/\/www.gomig-metall.at\/wp-content\/gallery\/biegetechnik-2014_1\/dsc6417.jpg\"\n               title=\"Hydraulikrohrleitung 35\/2mm\"\n               data-src=\"http:\/\/www.gomig-metall.at\/wp-content\/gallery\/biegetechnik-2014_1\/dsc6417.jpg\"\n               data-thumbnail=\"http:\/\/www.gomig-metall.at\/wp-content\/gallery\/biegetechnik-2014_1\/thumbs\/thumbs_dsc6417.jpg\"\n               data-image-id=\"127\"\n               data-title=\"Hydraulikrohrleitung 35\/2mm\"\n               data-description=\"Hydraulikrohrleitung 35\/2mm\"\n               data-image-slug=\"hydraulikrohrleitung-352mm\"\n               class=\"ngg-fancybox\" rel=\"bdae9346d4d060dee44933cc9e4774c7\">\n                <img\n                    title=\"Hydraulikrohrleitung 35\/2mm\"\n                    alt=\"Hydraulikrohrleitung 35\/2mm\"\n                    src=\"http:\/\/www.gomig-metall.at\/wp-content\/gallery\/biegetechnik-2014_1\/thumbs\/thumbs_dsc6417.jpg\"\n                    width=\"100\"\n                    height=\"75\"\n                    style=\"max-width:100%;\"\n                \/>\n            <\/a>\n        <\/div>\n\t\t\t\t\t\t\t<\/div> \n\t\t\t\n        \n\t\t\t\t<div id=\"ngg-image-4\" class=\"ngg-gallery-thumbnail-box\" >\n\t\t\t\t        <div class=\"ngg-gallery-thumbnail\">\n            <a href=\"http:\/\/www.gomig-metall.at\/wp-content\/gallery\/biegetechnik-2014_1\/img_9618.jpg\"\n               title=\"Edelstahlrohr 60,3mm gebogen\"\n               data-src=\"http:\/\/www.gomig-metall.at\/wp-content\/gallery\/biegetechnik-2014_1\/img_9618.jpg\"\n               data-thumbnail=\"http:\/\/www.gomig-metall.at\/wp-content\/gallery\/biegetechnik-2014_1\/thumbs\/thumbs_img_9618.jpg\"\n               data-image-id=\"113\"\n               data-title=\"Ringbiegemaschine Edelstahlrohr 60,3mm\"\n               data-description=\"Edelstahlrohr 60,3mm gebogen\"\n               data-image-slug=\"ringbiegemaschine-edelstahlrohr-603mm\"\n               class=\"ngg-fancybox\" rel=\"bdae9346d4d060dee44933cc9e4774c7\">\n                <img\n                    title=\"Ringbiegemaschine Edelstahlrohr 60,3mm\"\n                    alt=\"Ringbiegemaschine Edelstahlrohr 60,3mm\"\n                    src=\"http:\/\/www.gomig-metall.at\/wp-content\/gallery\/biegetechnik-2014_1\/thumbs\/thumbs_img_9618.jpg\"\n                    width=\"100\"\n                    height=\"75\"\n                    style=\"max-width:100%;\"\n                \/>\n            <\/a>\n        <\/div>\n\t\t\t\t\t\t\t<\/div> \n\t\t\t\n        \n\t\t\t\t<div id=\"ngg-image-5\" class=\"ngg-gallery-thumbnail-box\" >\n\t\t\t\t        <div class=\"ngg-gallery-thumbnail\">\n            <a href=\"http:\/\/www.gomig-metall.at\/wp-content\/gallery\/biegetechnik-2014_1\/bilder-dezember-2013-arbeit-002.jpg\"\n               title=\"weniger Biegespuren durch folierte Edelstahlrohre\"\n               data-src=\"http:\/\/www.gomig-metall.at\/wp-content\/gallery\/biegetechnik-2014_1\/bilder-dezember-2013-arbeit-002.jpg\"\n               data-thumbnail=\"http:\/\/www.gomig-metall.at\/wp-content\/gallery\/biegetechnik-2014_1\/thumbs\/thumbs_bilder-dezember-2013-arbeit-002.jpg\"\n               data-image-id=\"65\"\n               data-title=\"weniger Biegespuren durch Klebefolie\"\n               data-description=\"weniger Biegespuren durch folierte Edelstahlrohre\"\n               data-image-slug=\"weniger-biegespuren-durch-klebefolie\"\n               class=\"ngg-fancybox\" rel=\"bdae9346d4d060dee44933cc9e4774c7\">\n                <img\n                    title=\"weniger Biegespuren durch Klebefolie\"\n                    alt=\"weniger Biegespuren durch Klebefolie\"\n                    src=\"http:\/\/www.gomig-metall.at\/wp-content\/gallery\/biegetechnik-2014_1\/thumbs\/thumbs_bilder-dezember-2013-arbeit-002.jpg\"\n                    width=\"100\"\n                    height=\"75\"\n                    style=\"max-width:100%;\"\n                \/>\n            <\/a>\n        <\/div>\n\t\t\t\t\t\t\t<\/div> \n\t\t\t\n        \n\t\t\t\t<div id=\"ngg-image-6\" class=\"ngg-gallery-thumbnail-box\" >\n\t\t\t\t        <div class=\"ngg-gallery-thumbnail\">\n            <a href=\"http:\/\/www.gomig-metall.at\/wp-content\/gallery\/biegetechnik-2014_1\/dsc6404_a.jpg\"\n               title=\"Hydraulikrohre werden nach dem biegen gereinigt und anschlie\u00dfend verschlossen\"\n               data-src=\"http:\/\/www.gomig-metall.at\/wp-content\/gallery\/biegetechnik-2014_1\/dsc6404_a.jpg\"\n               data-thumbnail=\"http:\/\/www.gomig-metall.at\/wp-content\/gallery\/biegetechnik-2014_1\/thumbs\/thumbs_dsc6404_a.jpg\"\n               data-image-id=\"125\"\n               data-title=\"Hydraulikrohr\"\n               data-description=\"Hydraulikrohre werden nach dem biegen gereinigt und anschlie\u00dfend verschlossen\"\n               data-image-slug=\"hydraulikrohr\"\n               class=\"ngg-fancybox\" rel=\"bdae9346d4d060dee44933cc9e4774c7\">\n                <img\n                    title=\"Hydraulikrohr\"\n                    alt=\"Hydraulikrohr\"\n                    src=\"http:\/\/www.gomig-metall.at\/wp-content\/gallery\/biegetechnik-2014_1\/thumbs\/thumbs_dsc6404_a.jpg\"\n                    width=\"100\"\n                    height=\"75\"\n                    style=\"max-width:100%;\"\n                \/>\n            <\/a>\n        <\/div>\n\t\t\t\t\t\t\t<\/div> \n\t\t\t\n        \n\t\t\t\t<div id=\"ngg-image-7\" class=\"ngg-gallery-thumbnail-box\" >\n\t\t\t\t        <div class=\"ngg-gallery-thumbnail\">\n            <a href=\"http:\/\/www.gomig-metall.at\/wp-content\/gallery\/biegetechnik-2014_1\/dsc6408.jpg\"\n               title=\"Hydraulikrohrleitung 15mm\"\n               data-src=\"http:\/\/www.gomig-metall.at\/wp-content\/gallery\/biegetechnik-2014_1\/dsc6408.jpg\"\n               data-thumbnail=\"http:\/\/www.gomig-metall.at\/wp-content\/gallery\/biegetechnik-2014_1\/thumbs\/thumbs_dsc6408.jpg\"\n               data-image-id=\"126\"\n               data-title=\"Hydraulikrohrleitung 15mm\"\n               data-description=\"Hydraulikrohrleitung 15mm\"\n               data-image-slug=\"hydraulikrohrleitung-15mm\"\n               class=\"ngg-fancybox\" rel=\"bdae9346d4d060dee44933cc9e4774c7\">\n                <img\n                    title=\"Hydraulikrohrleitung 15mm\"\n                    alt=\"Hydraulikrohrleitung 15mm\"\n                    src=\"http:\/\/www.gomig-metall.at\/wp-content\/gallery\/biegetechnik-2014_1\/thumbs\/thumbs_dsc6408.jpg\"\n                    width=\"100\"\n                    height=\"75\"\n                    style=\"max-width:100%;\"\n                \/>\n            <\/a>\n        <\/div>\n\t\t\t\t\t\t\t<\/div> \n\t\t\t\n        \n\t\t\t\t<div id=\"ngg-image-8\" class=\"ngg-gallery-thumbnail-box\" >\n\t\t\t\t        <div class=\"ngg-gallery-thumbnail\">\n            <a href=\"http:\/\/www.gomig-metall.at\/wp-content\/gallery\/biegetechnik-2014_1\/img_0729.jpg\"\n               title=\"Ringbiegemaschine halbautomatisch\"\n               data-src=\"http:\/\/www.gomig-metall.at\/wp-content\/gallery\/biegetechnik-2014_1\/img_0729.jpg\"\n               data-thumbnail=\"http:\/\/www.gomig-metall.at\/wp-content\/gallery\/biegetechnik-2014_1\/thumbs\/thumbs_img_0729.jpg\"\n               data-image-id=\"67\"\n               data-title=\"Ringbiegemaschine halbautomatisch\"\n               data-description=\"Ringbiegemaschine halbautomatisch\"\n               data-image-slug=\"ringbiegemaschine-halbautomatisch-2\"\n               class=\"ngg-fancybox\" rel=\"bdae9346d4d060dee44933cc9e4774c7\">\n                <img\n                    title=\"Ringbiegemaschine halbautomatisch\"\n                    alt=\"Ringbiegemaschine halbautomatisch\"\n                    src=\"http:\/\/www.gomig-metall.at\/wp-content\/gallery\/biegetechnik-2014_1\/thumbs\/thumbs_img_0729.jpg\"\n                    width=\"100\"\n                    height=\"75\"\n                    style=\"max-width:100%;\"\n                \/>\n            <\/a>\n        <\/div>\n\t\t\t\t\t\t\t<\/div> \n\t\t\t\n        \n\t\t\t\t<div id=\"ngg-image-9\" class=\"ngg-gallery-thumbnail-box\" >\n\t\t\t\t        <div class=\"ngg-gallery-thumbnail\">\n            <a href=\"http:\/\/www.gomig-metall.at\/wp-content\/gallery\/biegetechnik-2014_1\/img_9559.jpg\"\n               title=\"Rundbiegemaschine\"\n               data-src=\"http:\/\/www.gomig-metall.at\/wp-content\/gallery\/biegetechnik-2014_1\/img_9559.jpg\"\n               data-thumbnail=\"http:\/\/www.gomig-metall.at\/wp-content\/gallery\/biegetechnik-2014_1\/thumbs\/thumbs_img_9559.jpg\"\n               data-image-id=\"111\"\n               data-title=\"Bleche rollen wir 5mm St\u00e4rke\"\n               data-description=\"Rundbiegemaschine\"\n               data-image-slug=\"bleche-rollen-wir-5mm-starke\"\n               class=\"ngg-fancybox\" rel=\"bdae9346d4d060dee44933cc9e4774c7\">\n                <img\n                    title=\"Bleche rollen wir 5mm St\u00e4rke\"\n                    alt=\"Bleche rollen wir 5mm St\u00e4rke\"\n                    src=\"http:\/\/www.gomig-metall.at\/wp-content\/gallery\/biegetechnik-2014_1\/thumbs\/thumbs_img_9559.jpg\"\n                    width=\"100\"\n                    height=\"75\"\n                    style=\"max-width:100%;\"\n                \/>\n            <\/a>\n        <\/div>\n\t\t\t\t\t\t\t<\/div> \n\t\t\t\n        \n\t\t\t\t<div id=\"ngg-image-10\" class=\"ngg-gallery-thumbnail-box\" >\n\t\t\t\t        <div class=\"ngg-gallery-thumbnail\">\n            <a href=\"http:\/\/www.gomig-metall.at\/wp-content\/gallery\/biegetechnik-2014_1\/bilder-arbeit-september-2013-054.jpg\"\n               title=\"Rammschutzb\u00fcgel\"\n               data-src=\"http:\/\/www.gomig-metall.at\/wp-content\/gallery\/biegetechnik-2014_1\/bilder-arbeit-september-2013-054.jpg\"\n               data-thumbnail=\"http:\/\/www.gomig-metall.at\/wp-content\/gallery\/biegetechnik-2014_1\/thumbs\/thumbs_bilder-arbeit-september-2013-054.jpg\"\n               data-image-id=\"61\"\n               data-title=\"Rammschutz\"\n               data-description=\"Rammschutzb\u00fcgel\"\n               data-image-slug=\"rammschutz-2\"\n               class=\"ngg-fancybox\" rel=\"bdae9346d4d060dee44933cc9e4774c7\">\n                <img\n                    title=\"Rammschutz\"\n                    alt=\"Rammschutz\"\n                    src=\"http:\/\/www.gomig-metall.at\/wp-content\/gallery\/biegetechnik-2014_1\/thumbs\/thumbs_bilder-arbeit-september-2013-054.jpg\"\n                    width=\"100\"\n                    height=\"75\"\n                    style=\"max-width:100%;\"\n                \/>\n            <\/a>\n        <\/div>\n\t\t\t\t\t\t\t<\/div> \n\t\t\t\n        \n\t\t\t\t<div id=\"ngg-image-11\" class=\"ngg-gallery-thumbnail-box\" >\n\t\t\t\t        <div class=\"ngg-gallery-thumbnail\">\n            <a href=\"http:\/\/www.gomig-metall.at\/wp-content\/gallery\/biegetechnik-2014_1\/dsc_7476.jpg\"\n               title=\"Dornbiegemaschine\"\n               data-src=\"http:\/\/www.gomig-metall.at\/wp-content\/gallery\/biegetechnik-2014_1\/dsc_7476.jpg\"\n               data-thumbnail=\"http:\/\/www.gomig-metall.at\/wp-content\/gallery\/biegetechnik-2014_1\/thumbs\/thumbs_dsc_7476.jpg\"\n               data-image-id=\"52\"\n               data-title=\"Dornbiegemaschine\"\n               data-description=\"Dornbiegemaschine\"\n               data-image-slug=\"dornbiegemaschine-2\"\n               class=\"ngg-fancybox\" rel=\"bdae9346d4d060dee44933cc9e4774c7\">\n                <img\n                    title=\"Dornbiegemaschine\"\n                    alt=\"Dornbiegemaschine\"\n                    src=\"http:\/\/www.gomig-metall.at\/wp-content\/gallery\/biegetechnik-2014_1\/thumbs\/thumbs_dsc_7476.jpg\"\n                    width=\"100\"\n                    height=\"75\"\n                    style=\"max-width:100%;\"\n                \/>\n            <\/a>\n        <\/div>\n\t\t\t\t\t\t\t<\/div> \n\t\t\t\n        \n\t\t\t\t<div id=\"ngg-image-12\" class=\"ngg-gallery-thumbnail-box\" >\n\t\t\t\t        <div class=\"ngg-gallery-thumbnail\">\n            <a href=\"http:\/\/www.gomig-metall.at\/wp-content\/gallery\/biegetechnik-2014_1\/dsc_7488.jpg\"\n               title=\"Biegemuster Rohr 42,4mm\"\n               data-src=\"http:\/\/www.gomig-metall.at\/wp-content\/gallery\/biegetechnik-2014_1\/dsc_7488.jpg\"\n               data-thumbnail=\"http:\/\/www.gomig-metall.at\/wp-content\/gallery\/biegetechnik-2014_1\/thumbs\/thumbs_dsc_7488.jpg\"\n               data-image-id=\"54\"\n               data-title=\"Biegemuster\"\n               data-description=\"Biegemuster Rohr 42,4mm\"\n               data-image-slug=\"biegemuster-2\"\n               class=\"ngg-fancybox\" rel=\"bdae9346d4d060dee44933cc9e4774c7\">\n                <img\n                    title=\"Biegemuster\"\n                    alt=\"Biegemuster\"\n                    src=\"http:\/\/www.gomig-metall.at\/wp-content\/gallery\/biegetechnik-2014_1\/thumbs\/thumbs_dsc_7488.jpg\"\n                    width=\"100\"\n                    height=\"75\"\n                    style=\"max-width:100%;\"\n                \/>\n            <\/a>\n        <\/div>\n\t\t\t\t\t\t\t<\/div> \n\t\t\t\n        \n\t\t\t\t<div id=\"ngg-image-13\" class=\"ngg-gallery-thumbnail-box\" >\n\t\t\t\t        <div class=\"ngg-gallery-thumbnail\">\n            <a href=\"http:\/\/www.gomig-metall.at\/wp-content\/gallery\/biegetechnik-2014_1\/dsc_7454.jpg\"\n               title=\"Dornbiegemaschine\"\n               data-src=\"http:\/\/www.gomig-metall.at\/wp-content\/gallery\/biegetechnik-2014_1\/dsc_7454.jpg\"\n               data-thumbnail=\"http:\/\/www.gomig-metall.at\/wp-content\/gallery\/biegetechnik-2014_1\/thumbs\/thumbs_dsc_7454.jpg\"\n               data-image-id=\"51\"\n               data-title=\"Dornbiegemaschine\"\n               data-description=\"Dornbiegemaschine\"\n               data-image-slug=\"dornbiegemaschine\"\n               class=\"ngg-fancybox\" rel=\"bdae9346d4d060dee44933cc9e4774c7\">\n                <img\n                    title=\"Dornbiegemaschine\"\n                    alt=\"Dornbiegemaschine\"\n                    src=\"http:\/\/www.gomig-metall.at\/wp-content\/gallery\/biegetechnik-2014_1\/thumbs\/thumbs_dsc_7454.jpg\"\n                    width=\"100\"\n                    height=\"75\"\n                    style=\"max-width:100%;\"\n                \/>\n            <\/a>\n        <\/div>\n\t\t\t\t\t\t\t<\/div> \n\t\t\t\n        \n\t\t\t\t<div id=\"ngg-image-14\" class=\"ngg-gallery-thumbnail-box\" >\n\t\t\t\t        <div class=\"ngg-gallery-thumbnail\">\n            <a href=\"http:\/\/www.gomig-metall.at\/wp-content\/gallery\/biegetechnik-2014_1\/04-2013-151.jpg\"\n               title=\"Auspuff gebogen\"\n               data-src=\"http:\/\/www.gomig-metall.at\/wp-content\/gallery\/biegetechnik-2014_1\/04-2013-151.jpg\"\n               data-thumbnail=\"http:\/\/www.gomig-metall.at\/wp-content\/gallery\/biegetechnik-2014_1\/thumbs\/thumbs_04-2013-151.jpg\"\n               data-image-id=\"58\"\n               data-title=\"Auspuff gebogen\"\n               data-description=\"Auspuff gebogen\"\n               data-image-slug=\"auspuff-gebogen\"\n               class=\"ngg-fancybox\" rel=\"bdae9346d4d060dee44933cc9e4774c7\">\n                <img\n                    title=\"Auspuff gebogen\"\n                    alt=\"Auspuff gebogen\"\n                    src=\"http:\/\/www.gomig-metall.at\/wp-content\/gallery\/biegetechnik-2014_1\/thumbs\/thumbs_04-2013-151.jpg\"\n                    width=\"100\"\n                    height=\"75\"\n                    style=\"max-width:100%;\"\n                \/>\n            <\/a>\n        <\/div>\n\t\t\t\t\t\t\t<\/div> \n\t\t\t\n        \n\t\t\t\t<div id=\"ngg-image-15\" class=\"ngg-gallery-thumbnail-box\" >\n\t\t\t\t        <div class=\"ngg-gallery-thumbnail\">\n            <a href=\"http:\/\/www.gomig-metall.at\/wp-content\/gallery\/biegetechnik-2014_1\/oberlienz-schwimmteich-002.jpg\"\n               title=\"Edelstahlhandlauf gebogen\"\n               data-src=\"http:\/\/www.gomig-metall.at\/wp-content\/gallery\/biegetechnik-2014_1\/oberlienz-schwimmteich-002.jpg\"\n               data-thumbnail=\"http:\/\/www.gomig-metall.at\/wp-content\/gallery\/biegetechnik-2014_1\/thumbs\/thumbs_oberlienz-schwimmteich-002.jpg\"\n               data-image-id=\"60\"\n               data-title=\"Edelstahlhandlauf\"\n               data-description=\"Edelstahlhandlauf gebogen\"\n               data-image-slug=\"edelstahlhandlauf-4\"\n               class=\"ngg-fancybox\" rel=\"bdae9346d4d060dee44933cc9e4774c7\">\n                <img\n                    title=\"Edelstahlhandlauf\"\n                    alt=\"Edelstahlhandlauf\"\n                    src=\"http:\/\/www.gomig-metall.at\/wp-content\/gallery\/biegetechnik-2014_1\/thumbs\/thumbs_oberlienz-schwimmteich-002.jpg\"\n                    width=\"100\"\n                    height=\"75\"\n                    style=\"max-width:100%;\"\n                \/>\n            <\/a>\n        <\/div>\n\t\t\t\t\t\t\t<\/div> \n\t\t\t\n        \n\t\t\t\t<div id=\"ngg-image-16\" class=\"ngg-gallery-thumbnail-box\" >\n\t\t\t\t        <div class=\"ngg-gallery-thumbnail\">\n            <a href=\"http:\/\/www.gomig-metall.at\/wp-content\/gallery\/biegetechnik-2014_1\/img_0695.jpg\"\n               title=\"Radienmessger\u00e4t f\u00fcr Au\u00dfen- und Innenradien\"\n               data-src=\"http:\/\/www.gomig-metall.at\/wp-content\/gallery\/biegetechnik-2014_1\/img_0695.jpg\"\n               data-thumbnail=\"http:\/\/www.gomig-metall.at\/wp-content\/gallery\/biegetechnik-2014_1\/thumbs\/thumbs_img_0695.jpg\"\n               data-image-id=\"66\"\n               data-title=\"Radienmessger\u00e4t f\u00fcr Au\u00dfen- und Innenradien\"\n               data-description=\"Radienmessger\u00e4t f\u00fcr Au\u00dfen- und Innenradien\"\n               data-image-slug=\"radienmessgerat-fur-ausen-und-innenradien\"\n               class=\"ngg-fancybox\" rel=\"bdae9346d4d060dee44933cc9e4774c7\">\n                <img\n                    title=\"Radienmessger\u00e4t f\u00fcr Au\u00dfen- und Innenradien\"\n                    alt=\"Radienmessger\u00e4t f\u00fcr Au\u00dfen- und Innenradien\"\n                    src=\"http:\/\/www.gomig-metall.at\/wp-content\/gallery\/biegetechnik-2014_1\/thumbs\/thumbs_img_0695.jpg\"\n                    width=\"100\"\n                    height=\"75\"\n                    style=\"max-width:100%;\"\n                \/>\n            <\/a>\n        <\/div>\n\t\t\t\t\t\t\t<\/div> \n\t\t\t\n        \n\t\t\n\t\t<!-- Pagination -->\n\t<div class='ngg-clear'><\/div>\t<\/div>\n<\/th>\n<td>&nbsp;<\/td>\n<td><strong>Aufgrund unserer jahrelangen Erfahrung im Rohrbiegen und dem Einsatz hochwertigster, biegef\u00e4higer Ausgangsmaterialien bieten wir ihnen optisch ansprechende, <em>qualitativ hochwertige Produkte zu g\u00fcnstigen Preisen.<\/em><\/strong><\/p>\n<p><strong><span style=\"text-decoration: underline;\">Dornbiegen auf kleinen Radius<\/span><\/strong><\/p>\n<ul>\n<li>\n<div>Wir biegen Rundrohre aus Stahl- oder Edelstahl auf unserer Dornbiegemaschine bis 180\u00b0 in bester&nbsp; Bogenqualit\u00e4t.<\/div>\n<\/li>\n<li>\n<div>Wir verarbeiten ausschlie\u00dflich hochwertige gegl\u00fchte bzw. nahtlose Edelstahlrohre.<\/div>\n<\/li>\n<li>\n<div>Um Kontaktkorrosion zu vermeiden, werden Edelstahlrohre auf separaten Werkzeugen bearbeitet.<\/div>\n<\/li>\n<li>Radius Mitte Rohr: 2xDurchmesser<\/li>\n<li>Rohraufschubl\u00e4nge: 4,5 Meter<\/li>\n<li>Biegewerkzeuge: 21,3mm \/ 26,9mm \/ 33,7mm \/ 42,4mm \/ 48,3mm<\/li>\n<\/ul>\n<p><span style=\"text-decoration: underline;\"><strong>Ringbiegen im Dreiwalzenbiegeverfahren<\/strong><\/span><\/p>\n<ul>\n<li>Wird angewendet ab einen Radius von ca. 7xRohrdurchmesser.<\/li>\n<li>Es lassen sich u.a. Ringe, Wendel- und Spiralbiegungen durchf\u00fchren.<\/li>\n<li>Serienfertigung m\u00f6glich.<\/li>\n<\/ul>\n<\/td>\n<\/tr>\n<\/tbody>\n<\/table>\n","protected":false},"excerpt":{"rendered":"<p>&nbsp; Aufgrund unserer jahrelangen Erfahrung im Rohrbiegen und dem Einsatz hochwertigster, biegef\u00e4higer Ausgangsmaterialien bieten wir ihnen optisch ansprechende, qualitativ hochwertige Produkte zu g\u00fcnstigen Preisen. Dornbiegen auf kleinen Radius Wir biegen Rundrohre aus Stahl- oder Edelstahl auf unserer Dornbiegemaschine bis 180\u00b0 in bester&nbsp; Bogenqualit\u00e4t. Wir verarbeiten ausschlie\u00dflich hochwertige gegl\u00fchte bzw. nahtlose Edelstahlrohre. Um Kontaktkorrosion zu vermeiden, <a href='http:\/\/www.gomig-metall.at\/?page_id=768' class='excerpt-more'>[&#8230;]<\/a><\/p>\n","protected":false},"author":1,"featured_media":0,"parent":0,"menu_order":120,"comment_status":"closed","ping_status":"closed","template":"","meta":{"ngg_post_thumbnail":0},"_links":{"self":[{"href":"http:\/\/www.gomig-metall.at\/index.php?rest_route=\/wp\/v2\/pages\/768"}],"collection":[{"href":"http:\/\/www.gomig-metall.at\/index.php?rest_route=\/wp\/v2\/pages"}],"about":[{"href":"http:\/\/www.gomig-metall.at\/index.php?rest_route=\/wp\/v2\/types\/page"}],"author":[{"embeddable":true,"href":"http:\/\/www.gomig-metall.at\/index.php?rest_route=\/wp\/v2\/users\/1"}],"replies":[{"embeddable":true,"href":"http:\/\/www.gomig-metall.at\/index.php?rest_route=%2Fwp%2Fv2%2Fcomments&post=768"}],"version-history":[{"count":78,"href":"http:\/\/www.gomig-metall.at\/index.php?rest_route=\/wp\/v2\/pages\/768\/revisions"}],"predecessor-version":[{"id":1383,"href":"http:\/\/www.gomig-metall.at\/index.php?rest_route=\/wp\/v2\/pages\/768\/revisions\/1383"}],"wp:attachment":[{"href":"http:\/\/www.gomig-metall.at\/index.php?rest_route=%2Fwp%2Fv2%2Fmedia&parent=768"}],"curies":[{"name":"wp","href":"https:\/\/api.w.org\/{rel}","templated":true}]}}